d = 5. Is 12 a factor of g(c)?
False
Let m = -39 + 5. Let n = 101 + m. Does 13 divide n?
False
Let n be 3/(-2) - (75/(-10) + 3). Suppose n*o - 36 = 51. Is o a multiple of 27?
False
Let v(s) = -s - 9. Let t be v(7). Let a = t + 16. Suppose a = 5*g - 3*g - 130. Is 29 a factor of g?
False
Let v be 1 - 2 - (-12)/2. Suppose -s - 1 = 2*f, 2*f = v*f - 9. Let x = s + 15. Is x a multiple of 8?
True
Is (1 - -2 - 5)*38/(-4) a multiple of 5?
False
Let o = -306 + 546. Is 35 a factor of o?
False
Let a(l) = 65*l**2 + 2*l + 3. Let j be a(2). Let p = j - 99. Does 24 divide p?
True
Let k be (-29)/2*(-7 + 5). Let y = k + 5. Is 12 a factor of y?
False
Suppose -5*q + 7*q = 6. Suppose -4*n - q = -n. Let o(c) = -14*c**3 - c**2 - c. Does 7 divide o(n)?
True
Let q(w) = 2*w**2 - 9*w + 14. Suppose 11*h - 66 = 22. Is q(h) a multiple of 10?
True
Suppose -7*m - 19 = -8*m. Suppose 23*r - m*r = 396. Is r a multiple of 25?
False
Let y(j) be the first derivative of -j**4/4 + 2*j**3 + 9*j**2/2 - 10*j - 4. Let v be y(7). Suppose a - 26 = v. Is 8 a factor of a?
False
Suppose 2*v - 1641 = 3539. Is 38 a factor of v?
False
Let c = 29 - 26. Does 5 divide (-12)/(-36) + 62/c?
False
Let m = 41 + -102. Let w = m - -87. Let q = w - 6. Does 10 divide q?
True
Let a be 8/1 - (8 - 7). Suppose 2*u + 5*t = u + a, 0 = 3*u + 5*t - 11. Let j(o) = 4*o**3 + 3*o**2 - 4*o + 3. Is j(u) a multiple of 13?
True
Let b be (-10)/(-3)*(-111)/(-1). Suppose -3*s = 136 - b. Is s a multiple of 20?
False
Let s be (10 - 10)*3/(-3). Suppose -2*d - 4*u = 2 - 20, s = -d - 5*u. Is 2 a factor of d?
False
Let c = 14 + -6. Suppose c = n - 42. Does 10 divide n?
True
Let f be (3 - 0) + -9 + 6. Suppose f = t - 0*s - s - 36, -4*t - 2*s = -114. Is t a multiple of 10?
False
Suppose -10 - 45 = 5*s. Is 6 a factor of 49*1*(-10 - s)?
False
Let a(x) = -x**3 + 7*x**2 + x - 7. Let b(r) = -1. Let m(k) = a(k) + 3*b(k). Let i be m(7). Is ((-1)/2)/(i/84) a multiple of 7?
True
Suppose -3*d = -7*d - 3*w - 17, 3*w - 1 = 5*d. Let m(c) = 14 - 2*c**2 - 23 + 10 - 2*c**3. Is 2 a factor of m(d)?
False
Suppose a + 14 = 4*a - 5*t, a + 1 = -4*t. Suppose a*h + 4*o - 1848 = 287, -3553 = -5*h - 4*o. Suppose 4*k - h = -285. Is 23 a factor of k?
False
Let x be 9/(-2)*(-4 - 824/12). Suppose -7*u + 58 + x = 0. Is u a multiple of 15?
False
Is 13 a factor of (25 + 2)*13*(-2)/(-6)?
True
Let g(n) = n**3 + 3*n**2 + 2*n + 4. Let t be g(-3). Let v be (13/39)/(t/6). Let k = v - -12. Is 11 a factor of k?
True
Let f(h) = 8*h**2 + 86*h - 1. Is 3 a factor of f(-12)?
False
Is -2*(15/15)/(2/(-184)) a multiple of 17?
False
Let t(v) = -10*v**3 + 22*v**2 + 13*v + 1. Let l(y) = -7*y**3 + 15*y**2 + 9*y + 1. Let b(j) = -7*l(j) + 5*t(j). Does 22 divide b(4)?
True
Let i be 10/35 + ((-10)/(-14) - -1). Suppose w - 88 = -3*x, -i*x = -5*w + 3*x + 520. Does 10 divide w?
True
Suppose -20*m + 29*m - 1404 = 0. Does 6 divide m?
True
Suppose u + 3*b = -b + 434, 0 = 5*u - 4*b - 2074. Does 9 divide u?
False
Suppose -3*i - 453 = -6*i. Suppose 6*p - 511 = -i. Does 30 divide p?
True
Let i be (-2109)/(-2)*(-2)/(-3). Suppose -i = -5*j + 3*q, -4*j + 0*q + 3*q = -563. Is j a multiple of 28?
True
Let t be 2196/15 + (-4)/10. Let r = 269 - t. Does 41 divide r?
True
Let d(m) = -10 - 2 - 6*m + 15 - 6*m. Let r be d(-6). Let n = r - 30. Is 9 a factor of n?
True
Suppose 4*r = 3*c - 405 - 101, 5*c = -3*r + 824. Is c a multiple of 38?
False
Let j be 1/(-2)*(3 - 9). Suppose 5*u - n = 280, j*n - 42 = -u + 6*n. Is u a multiple of 19?
True
Suppose -w = -3*n - 38, -3*w = -n - 4*n - 114. Suppose -20 - w = -y. Let k = -29 + y. Does 16 divide k?
False
Is (1 + -5 + (16 - 10))*57 a multiple of 14?
False
Suppose 9*t - 5*t = 3*h + 1017, 0 = 2*t + h - 501. Does 7 divide t?
True
Suppose -8*w - 256 = -4*w. Let n = w - -94. Is 19 a factor of n?
False
Let i(g) be the first derivative of g**3/3 - g**2 - 20*g + 17. Is i(7) a multiple of 2?
False
Let m = 71 + -69. Is 7 a factor of m/(4/14)*3?
True
Suppose -3*j + 3 - 48 = 0. Let o(c) = -c + 27. Does 7 divide o(j)?
True
Does 102 divide (5 - (-2902)/6)/((-2)/(-9))?
False
Suppose n - 5*n + 288 = 0. Let b = -68 + 188. Let i = b - n. Is 16 a factor of i?
True
Suppose -659 = -5*l - 159. Let q = -10 + l. Is q a multiple of 15?
True
Let y = -49 + 49. Suppose r = 5*c - 304, 5*c - 4*r + 2*r - 308 = y. Does 9 divide c?
False
Suppose 8*a - 941 = 1291. Is 31 a factor of a?
True
Let p(n) = 9*n**3 + 23*n**2 - 10*n + 10. Is p(5) a multiple of 118?
False
Let p(b) = 2*b - 5. Let q be 4*(-4)/8*2. Let l be p(q). Let f(o) = -o - 3. Is 6 a factor of f(l)?
False
Suppose 0*p + 3*p - 6343 = 4*c, p - 2*c - 2115 = 0. Is 92 a factor of p?
False
Suppose -7 = -5*y + 4*d + 3, 0 = -3*d + 15. Suppose 60 - 330 = -y*p. Does 9 divide p?
True
Suppose -29 = -5*b - 2*o, 4*b - 21 = b - 3*o. Suppose v = 53 + 115. Suppose k + 135 = 4*g - 183, 0 = 2*g - b*k - v. Is 13 a factor of g?
False
Suppose -36*o + 24*o + 34728 = 0. Is 13 a factor of o?
False
Suppose -5*k + y = -659, -y = -3*k - 5*y + 400. Suppose -4*l = -3*h - k, h + 153 = 5*l - 12. Does 9 divide l?
False
Let c(t) be the first derivative of -9*t**2/2 - 10*t + 11. Let r be (-1 + 0)/(6/24). Does 13 divide c(r)?
True
Let s(y) = y**3 - y**2 - 4*y + 3. Let c be s(3). Is c/((-36)/(-16)) + 0 even?
True
Let c(s) = 4*s**2 - s**2 + 13*s + 3*s**2 + 6 - 5*s**2. Does 4 divide c(-14)?
True
Let s(c) = -12*c + 76. Does 38 divide s(0)?
True
Suppose 4*v - 233 = 4919. Is v a multiple of 8?
True
Does 8 divide ((-90)/210)/(1/(-1603))?
False
Let o(m) = m**3 - 2*m**2 - 8*m - 2. Suppose 3*y - 4 - 2 = 0. Suppose -2*u + 2 = -u - 2*k, 3*u - y*k - 14 = 0. Is o(u) a multiple of 19?
False
Let a be (5 - 11)*(-4)/(-8). Let z(y) = -y**2 + y + 2. Let o(f) = -2*f**2 + 2*f + 2. Let v(c) = -2*o(c) + 3*z(c). Does 6 divide v(a)?
False
Suppose -48 = 5*f + 3*f. Suppose 2*t = -6, 0 = -w - 2*w + 4*t - 159. Let h = f - w. Is 11 a factor of h?
False
Suppose -8*h - 34*h = -52836. Does 17 divide h?
True
Suppose 32*v - 8 = 36*v. Let u(o) = 55*o**2 - 2*o. Is u(v) a multiple of 16?
True
Let o(j) = -j**2 + j + 5. Let m be o(0). Let w = 16 + -14. Suppose 0 = -m*p - u + 362 - 86, 0 = -p - w*u + 48. Does 14 divide p?
True
Is 92 a factor of -69*(-6)/(-7)*308/(-33)?
True
Let w(d) = -d**3 - 3*d**2 + 2*d + 2. Let h be w(-3). Let y be ((-25)/h)/((-2)/(-8)). Suppose 60 = 4*z - 4*t, -3*z - 4*t + 3*t + y = 0. Is 9 a factor of z?
False
Let r(m) = -7*m**2 - 5*m + 0*m**2 + m**2. Let g(c) = c - 1. Let d(t) = -4*g(t) - r(t). Is d(-3) a multiple of 10?
False
Let h = -61 - 278. Let f = 524 + h. Is 37 a factor of f?
True
Let h be ((-15)/(-6))/((-2)/(-40)). Suppose -q = -0*q - h. Suppose -2*p = -5*f + 286, -f + q = -0*p - 4*p. Does 16 divide f?
False
Let g be 2/5 - (-3 - (-478)/(-5)). Let w = 160 - g. Is w a multiple of 33?
False
Suppose 0 = -2*k + 10, -2*s + 2*k - 25 = 7. Let w = 15 + s. Suppose 2 = b - 2*h - 11, -5*h + 26 = w*b. Is b even?
False
Does 8 divide 1/4 - 9/(-12)*53?
True
Let h(y) = y**3 + 11*y**2 + 10*y - 9. Does 44 divide h(-6)?
False
Let n(r) = 12*r**2 + 3*r. Let p be n(4). Suppose -3*f - f + p = 0. Is f a multiple of 17?
True
Suppose -36*p + 45*p - 2970 = 0. Is 10 a factor of p?
True
Let w(p) = -25*p + 2. Let s be w(3). Let n = s + 110. Does 2 divide n?
False
Suppose -4*b = -n - 82, 2*n = 3 + 1. Is 1 - 14*b/(-6) a multiple of 16?
False
Suppose -5*s = -3*b - 180, 0*b - 4*b + 79 = 3*s. Suppose 3*j - 6*j - 87 = -4*z, -s = -2*z + 5*j. Is 6 a factor of z?
True
Let v(f) = -2*f**3 - 3*f**2 - 2*f - 4. Let k be ((-20)/15)/(2/(-9)). Suppose o - 3*o - k = 0. Is 16 a factor of v(o)?
False
Suppose -4*s + 39 + 57 = 0. Let r = -9 + -1. Is s/30 + (-272)/r a multiple of 7?
True
Let s(q) = 25*q**3 + 2*q**2 + q - 2. Suppose -p - 2 + 3 = 0. Let d be s(p). Let z = 38 - d. Is z a multiple of 5?
False
Let q = -52 - -51. Is (-252)/(-8) + -3 - q/(-2) a multiple of 17?
False
Let q(n) = n**2 + 5*n + 2. Let d be q(-6). Let u(b) = 2*b + 29. Let y(g) = -g - 10. Let a(x) = -3*u(x) - 8*y(x). Does 3 divide a(d)?
True
Let j(t) = 23*t + 37. Does 11 divide j(7)?
True
Let x = -2520 - -4021. Is 13 a factor of x?
False
Let q = -45 + 46. Suppose -u - 1 = 5*n + q, u + 3*n = 0. Does 3 divide u?
True
Suppose -2*p - p - 243 = 0. Let v be (-387)/p + 4/18. Suppose -v*n + 368 = -n. Is n a multiple of 23?
True
Let t = -8 - -9. Does 15 divide (-9)/9*(t + -130)